e b(11). Suppose -4*y - i = -x, 0 = y + y + i - 287. Let r = y + 55. What is the tens digit of r?
9
Suppose 161*p = 162*p - 5. What is the hundreds digit of 10*(p + -5 - -43)?
4
Suppose 1076*r - 14897 = 1062*r - 4719. What is the units digit of r?
7
Let p = 194 - 708. What is the units digit of (p/6)/((-9)/27)?
7
Suppose g - 6874 + 2038 = 5373. What is the thousands digit of g?
0
Let l(p) = -4*p - 36. Let j be l(-8). Let k be (j/6)/(6/9) + 711. Suppose 24*h - 19*h = k. What is the tens digit of h?
4
Let g(u) = u**3 - 5*u**2 + 2*u - 6. Let a be ((-15)/(-10))/(6/20). Let w be g(a). Suppose 75 = w*z - 109. What is the tens digit of z?
4
Let g be 9*(-83 + 1)*4/(-8). Suppose g = 6*h - 219. What is the units digit of h?
8
Let n = -630 + 972. Let t = n + -112. Suppose 5*h - t = -50. What is the units digit of h?
6
Let a be (-2)/3*(-21)/(-2). Let j(f) = -f**2 + 3*f + 5. Let d be j(-2). What is the tens digit of -2*(-258)/(-8)*(a - d)?
2
Let s(x) be the first derivative of -x**4/4 - x**2/2 + 137*x + 35. What is the tens digit of s(0)?
3
Suppose -29 = -5*l - g, 3*l + 3*g = -0*g + 27. Suppose o - 584 - 49 = -l*w, -3*w = -3*o + 1827. What is the hundreds digit of o?
6
Let l(d) = -d**3 - 13*d**2 + 9*d + 40. Suppose -12*t + 152 = -64. Suppose -196 = -4*a + t*a. What is the hundreds digit of l(a)?
1
Suppose 5*s - 1305 = -2*p, 304 + 371 = p - 5*s. Suppose 0 = -5*f + 5*t + p, f - 19*t = -17*t + 134. What is the tens digit of f?
3
Let k be (-3)/(-12)*-2*-302. Let f be -3*(-2 - -7)*-3. Let n = f + k. What is the hundreds digit of n?
1
Suppose -6*j + 184298 = 2*y - 231560, 5*j = y + 346567. What is the tens digit of j?
1
Let s(j) = -2 - 8*j - 8*j + 8*j + j**2. Let w be s(13). Suppose 5*i = q - w, 0 = -0*q - 2*q - 2*i + 102. What is the units digit of q?
3
Let p = -1009 + 12619. What is the ten thousands digit of p?
1
Suppose -20 + 0 = -5*w, 207221 = 9*a - w. What is the hundreds digit of a?
0
Let b(d) = -6*d**3 + 2*d**2 + 4. Let n be (6/(-4))/(66/88). What is the units digit of b(n)?
0
Let s(t) = t**2 + 24*t + 109. Let l be s(-19). Suppose -6*r = -l*r + 1536. What is the units digit of r?
2
Let p(k) = 4*k**2 + 17*k + 2. Let u be p(-4). What is the hundreds digit of (-4 - -310) + 0 - (2 - u)?
3
Let m(n) = 136*n**2 + 19*n - 27. What is the thousands digit of m(13)?
3
Let n = -78 - 9. Let r(s) = -35*s + 6. Let j be r(-4). Let t = n + j. What is the units digit of t?
9
Suppose -32*j + 32*j = 12*j - 98496. What is the thousands digit of j?
8
Let p(k) be the third derivative of 59*k**4/24 - 7*k**3/6 + 2*k**2. Suppose -12*y + 18*y - 12 = 0. What is the tens digit of p(y)?
1
Let h(q) = q**3 - 10*q**2 + 19*q - 4. Let b be h(7). What is the tens digit of (-7922)/(-221) - (b/39)/3?
3
Let x(o) be the second derivative of o**4/4 - o**3/3 - o**2/2 + o - 5. What is the units digit of x(-4)?
5
Suppose -m + 11377 = -14*v + 9*v, 2*v = 2*m - 22786. What is the ten thousands digit of m?
1
What is the units digit of 5858064/288 - 9/6?
9
Let y = 6864 - -8792. What is the tens digit of y?
5
Suppose -92 + 27 = -5*i. Suppose -i*q + 3*q + 1540 = 0. Suppose 4*c - 3*m = 336, c - q = -c + 5*m. What is the tens digit of c?
8
Let h = 7669 - 921. What is the hundreds digit of h?
7
Let l = -1267 - -4160. What is the units digit of l?
3
Let m = -6006 + 10466. What is the tens digit of m?
6
Let g(t) = 2555*t**2 + 364*t + 732. What is the thousands digit of g(-2)?
0
Let y be 26524/34 + 4/(-34). Suppose -2*u + 4*f = -f - 795, 0 = 2*u - 2*f - y. What is the hundreds digit of u?
3
Suppose 15 = -5*y, -8*t = -10*t - 2*y + 4940. Let b = t - 909. What is the tens digit of b?
6
Suppose f - 27 = -30. Let x(m) = -4*m + 21. Let i be x(f). Suppose 2*y - 168 = -h - 4*h, h - i = -y. What is the tens digit of h?
3
Suppose -3*t - 7*t = 3*t. Suppose 0*w - 5*b + 598 = w, t = w - 3*b - 614. What is the hundreds digit of w?
6
Let b(x) be the first derivative of 13*x**5/60 - x**4/4 + 10*x**3 + 16. Let i(z) be the third derivative of b(z). What is the units digit of i(2)?
6
Let r(g) be the second derivative of 699*g**5/10 - g**4/12 + g**3/3 - g**2/2 + 85*g. What is the thousands digit of r(1)?
1
Let i = -8377 + 39698. What is the thousands digit of i?
1
Let n be (2 - 6) + (-2265)/(15/5). Let t = 1400 + n. What is the tens digit of t?
4
Let h = 1211 - 674. Suppose 2*s - h = t, -28*s = -26*s - 5*t - 541. What is the hundreds digit of s?
2
Suppose 31986 = 5*u + 4*w, 63*u - 62*u = 5*w + 6403. What is the hundreds digit of u?
3
Suppose 2683 = 4*m + 3*q, -m + 850 = -3*q + 168. What is the tens digit of m?
7
What is the thousands digit of (-27640)/(-6)*(12 - 567/54)?
6
Suppose 79*w + 69*w = 133*w + 93750. What is the hundreds digit of w?
2
What is the units digit of ((65 - 53) + (-454)/7)*(-219 - -2)?
0
Suppose 2*r - 10 = -h, -2*h = -15*r + 13*r - 2. Suppose -4*g - 136 = -4*x, 4*x + 3*g = 2*g + 131. Suppose h*b - 83 = x. What is the units digit of b?
9
Suppose 3*f = 4*f - 0*f. Let v(b) = b**2 + b + 2. Let u be v(f). Suppose -u*o + 147 + 33 = 0. What is the tens digit of o?
9
Let i(h) be the second derivative of -h**5/20 - h**4/12 + h**3/6 + 290*h**2 - 93*h. What is the tens digit of i(0)?
8
Suppose 681*b - 344*b = 340*b - 26463. What is the hundreds digit of b?
8
Let c be (-226)/(-5) - (64/40)/(-2). Let t = -41 - -25. Let p = t + c. What is the tens digit of p?
3
Suppose -55*r = 4*i - 52*r - 18015, 10*r = i - 4493. What is the tens digit of i?
0
What is the ten thousands digit of (-108468)/(-30)*((-5)/(-45))/(1/30)?
1
Let f = -4063 - -57219. What is the tens digit of f?
5
Let y = 19668 + -10609. What is the units digit of y?
9
Let s = 1682 - 1484. Suppose -3*y = -b - 84 + 4, -4*b - 4*y - 368 = 0. Let p = s + b. What is the hundreds digit of p?
1
What is the hundreds digit of 75175/217 + (-24)/(-42)?
3
Let p(c) = 43*c**2 + 15*c - 80. Suppose 2*s - 10*s + 32 = 0. What is the hundreds digit of p(s)?
6
Let r(m) = -142*m - 90. Let w be r(-6). Suppose 8*c - 10*c = -w. What is the units digit of c?
1
Let d be 151/5 + 4/(-20). Let y be ((-65)/d)/(2/(-12)). Suppose -10*h + y*h = 255. What is the units digit of h?
5
Let n(i) = -3*i**3 - 14*i**2 - 41*i + 89. What is the hundreds digit of n(-21)?
5
Let z = 1980 + 5157. What is the hundreds digit of z?
1
Suppose 4*b = z - 14299, 22*z - 26*z + 7*b + 57223 = 0. What is the hundreds digit of z?
3
Let y(u) = -u**2 + 2*u + 428. Suppose 0 = -5*a + 5*g - 20, 16 = 6*a - 7*a + 4*g. What is the tens digit of y(a)?
2
Suppose -886*j = -869*j - 537234. What is the thousands digit of j?
1
Let d(l) = -13*l - 48. Let a be d(0). Let q(b) = b**3 + 48*b**2 - 16*b - 102. What is the tens digit of q(a)?
6
Let t = -18493 + 39022. What is the thousands digit of t?
0
Let w(y) = -y**3 - 16*y**2 + 23*y + 23. Let x be w(-16). Let z = x + 699. What is the units digit of z?
4
Let l(m) = -19161*m**3 + 7*m + 6. What is the ten thousands digit of l(-1)?
1
Let u(i) = 3*i**2 + 26*i - 6. Let g be u(-9). Suppose 5*v = 0, g*l + v = -l. Suppose 3*w - 784 = -5*h, -2*h + l*w = 3*w - 319. What is the hundreds digit of h?
1
Suppose 4*w - 1994 = -2*f, 0 = -0*w + 2*w + 2. Let v = f - 847. What is the units digit of v?
2
Let h(o) = 0*o + 40*o - 12*o - 15*o. What is the tens digit of h(7)?
9
Let q(w) be the third derivative of -1/120*w**6 + 0*w - 1/5*w**5 + 6*w**2 + 0 - 13/6*w**3 + 11/24*w**4. What is the units digit of q(-13)?
3
Let m(n) = -10*n + 180. Let l be m(10). Suppose 0 = -3*j - 3, 0 = 2*s - 5*j - l + 13. What is the units digit of s?
1
Let d = 7340 - 4339. What is the units digit of d?
1
Suppose 40*a - 30 = 35*a. Let d(c) = -c**3 + 6*c**2 + 7*c + 22. What is the units digit of d(a)?
4
Suppose -34 + 166 = 4*q. Let v be 158/6 + (-6 - (-20)/3). Suppose v = z - q. What is the tens digit of z?
6
Let q(s) = -s**2 - 5*s - 45. Let w be q(-9). Let n = w - -381. What is the tens digit of n?
0
Suppose 0 = -2*r - 8*r + 20. What is the hundreds digit of (-9576)/(-35) - (r + 12/(-5))?
2
Let i(a) = -3*a + a - 10 + 6. Let u be i(-2). Suppose -4*r + 116 - 28 = u. What is the tens digit of r?
2
Let i(t) = t**2 - 4*t + 26. Let b be i(7). What is the units digit of b/2*(11 - -1)?
2
Suppose 2*x + 3*m - 12998 = 2*m, 2*m = 4. Suppose 33*z = 14*z + x. What is the units digit of z?
2
Let d(h) = -5*h + 137. Let a be d(-15). Suppose -a = -7*x + 9